{"id":212,"date":"2019-04-09T08:50:20","date_gmt":"2019-04-09T08:50:20","guid":{"rendered":"https:\/\/hydropower.al\/?page_id=212"},"modified":"2022-12-14T13:27:53","modified_gmt":"2022-12-14T12:27:53","slug":"sennebogen","status":"publish","type":"page","link":"https:\/\/hydropower.al\/index.php\/sennebogen\/","title":{"rendered":"SENNEBOGEN"},"content":{"rendered":"<div class=\"wpb-content-wrapper\"><p>[vc_row full_width=&#8221;stretch_row_content&#8221; bg_type=&#8221;image&#8221; parallax_style=&#8221;vcpb-default&#8221; bg_image_new=&#8221;id^2272|url^https:\/\/hydropower.al\/wp-content\/uploads\/2022\/04\/840-compressed.jpg|caption^null|alt^null|title^840 compressed|description^null&#8221; bg_image_repeat=&#8221;no-repeat&#8221; bg_override=&#8221;ex-full&#8221; css=&#8221;.vc_custom_1650880571158{margin-top: -70px !important;margin-bottom: -70px !important;padding-top: 50px !important;padding-bottom: 100px !important;}&#8221;][vc_column][vc_row_inner][vc_column_inner width=&#8221;1\/3&#8243;][vc_empty_space height=&#8221;100&#8243;][vc_empty_space]<div class=\"ult-content-box-container box_class\" >\t\t<div class=\"ult-content-box\" style=\"box-shadow: px px px px none;padding-top:10px;-webkit-transition: all 700ms ease;-moz-transition: all 700ms ease;-ms-transition: all 700ms ease;-o-transition: all 700ms ease;transition: all 700ms ease;\"  data-hover_box_shadow=\"none\"    >[vc_single_image image=&#8221;2053&#8243; img_size=&#8221;2560&#215;256&#8243; alignment=&#8221;center&#8221; onclick=&#8221;custom_link&#8221; link=&#8221;https:\/\/sennebogen.com&#8221;][vc_column_text css=&#8221;.vc_custom_1655717942515{padding-right: 20px !important;padding-left: 20px !important;}&#8221;]Hydropower Albania prezanton bashk\u00ebpunimin me prodhuesin &#8220;Sennebogen Maschinenfabrik GmbH&#8221;, duke na b\u00ebr\u00eb k\u00ebshtu nj\u00eb distributor zyrtar dhe t\u00eb vet\u00ebm p\u00ebr tregtimin e makinerive Sennebogen. Aktualisht mund\u00ebsojm\u00eb shitjen p\u00ebr \u00e7do mjet q\u00eb mbulon seria Green Line, e cila ofron zgjidhje p\u00ebr nj\u00eb gam\u00eb mjaft t\u00eb gjer\u00eb p\u00ebrdorimesh, ku vlen t\u00eb p\u00ebrmendim menaxhimin e materialeve t\u00eb skrapit, menaxhimin e l\u00ebnd\u00ebve drusore, menaxhimin e ngarkesave t\u00eb materialeve n\u00eb porte detare dhe jo vet\u00ebm.<\/p>\n<p>Cil\u00ebsia dhe besueshm\u00ebria e makinerive q\u00eb ofrojm\u00eb n\u00eb treg ne bashk\u00ebpunim me prodhuesin sigurojn\u00eb benefite si: konsum t\u00eb ul\u00ebt, kosto t\u00eb ul\u00ebta mir\u00ebmbajtje, nivele t\u00eb optimizuara t\u00eb zhurm\u00ebs si dhe p\u00ebrdorime t\u00eb ndryshme me ndihm\u00ebn e aksesor\u00ebve specifik\u00eb.<\/p>\n<p>K\u00ebto veti ju garantojn\u00eb ju nj\u00eb zgjidhje perfekte p\u00ebr \u00e7do k\u00ebrkes\u00eb, ju mjafton nj\u00eb konsult\u00eb me agjent\u00ebt tan\u00eb p\u00ebr ta gjetur.[\/vc_column_text]\t\t<\/div><\/div>[\/vc_column_inner][vc_column_inner width=&#8221;1\/3&#8243;][\/vc_column_inner][vc_column_inner width=&#8221;1\/3&#8243;][\/vc_column_inner][\/vc_row_inner][vc_empty_space][\/vc_column][\/vc_row]<\/p>\n<\/div>","protected":false},"excerpt":{"rendered":"<p>[vc_row full_width=&#8221;stretch_row_content&#8221; bg_type=&#8221;image&#8221; parallax_style=&#8221;vcpb-default&#8221; bg_image_new=&#8221;id^2272|url^https:\/\/hydropower.al\/wp-content\/uploads\/2022\/04\/840-compressed.jpg|caption^null|alt^null|title^840 compressed|description^null&#8221; bg_image_repeat=&#8221;no-repeat&#8221; bg_override=&#8221;ex-full&#8221; css=&#8221;.vc_custom_1650880571158{margin-top: -70px !important;margin-bottom: -70px !important;padding-top: 50px !important;padding-bottom: 100px !important;}&#8221;][vc_column][vc_row_inner][vc_column_inner width=&#8221;1\/3&#8243;][vc_empty_space height=&#8221;100&#8243;][vc_empty_space][\/vc_column_inner][vc_column_inner width=&#8221;1\/3&#8243;][\/vc_column_inner][vc_column_inner width=&#8221;1\/3&#8243;][\/vc_column_inner][\/vc_row_inner][vc_empty_space][\/vc_column][\/vc_row]<\/p>\n","protected":false},"author":4,"featured_media":0,"parent":0,"menu_order":0,"comment_status":"closed","ping_status":"closed","template":"","meta":{"footnotes":""},"class_list":["post-212","page","type-page","status-publish","hentry","description-off"],"_links":{"self":[{"href":"https:\/\/hydropower.al\/index.php\/wp-json\/wp\/v2\/pages\/212","targetHints":{"allow":["GET"]}}],"collection":[{"href":"https:\/\/hydropower.al\/index.php\/wp-json\/wp\/v2\/pages"}],"about":[{"href":"https:\/\/hydropower.al\/index.php\/wp-json\/wp\/v2\/types\/page"}],"author":[{"embeddable":true,"href":"https:\/\/hydropower.al\/index.php\/wp-json\/wp\/v2\/users\/4"}],"replies":[{"embeddable":true,"href":"https:\/\/hydropower.al\/index.php\/wp-json\/wp\/v2\/comments?post=212"}],"version-history":[{"count":35,"href":"https:\/\/hydropower.al\/index.php\/wp-json\/wp\/v2\/pages\/212\/revisions"}],"predecessor-version":[{"id":814,"href":"https:\/\/hydropower.al\/index.php\/wp-json\/wp\/v2\/pages\/212\/revisions\/814"}],"wp:attachment":[{"href":"https:\/\/hydropower.al\/index.php\/wp-json\/wp\/v2\/media?parent=212"}],"curies":[{"name":"wp","href":"https:\/\/api.w.org\/{rel}","templated":true}]}}